{"id":506,"date":"2024-04-14T10:56:51","date_gmt":"2024-04-14T08:56:51","guid":{"rendered":"https:\/\/www.egypte-voyageoriginal.com\/?page_id=506"},"modified":"2024-04-30T00:24:08","modified_gmt":"2024-04-29T22:24:08","slug":"une-journee-au-caire","status":"publish","type":"page","link":"https:\/\/www.egypte-voyageoriginal.com\/index.php\/une-journee-au-caire\/","title":{"rendered":"Une journ\u00e9e au Caire"},"content":{"rendered":"\n<figure class=\"wp-block-image size-full\"><img loading=\"lazy\" decoding=\"async\" width=\"800\" height=\"400\" src=\"https:\/\/www.egypte-voyageoriginal.com\/wp-content\/uploads\/2024\/04\/b1534407875f02c988af8508b549c705-1.jpg\" alt=\"\" class=\"wp-image-727\" srcset=\"https:\/\/www.egypte-voyageoriginal.com\/wp-content\/uploads\/2024\/04\/b1534407875f02c988af8508b549c705-1.jpg 800w, https:\/\/www.egypte-voyageoriginal.com\/wp-content\/uploads\/2024\/04\/b1534407875f02c988af8508b549c705-1-300x150.jpg 300w, https:\/\/www.egypte-voyageoriginal.com\/wp-content\/uploads\/2024\/04\/b1534407875f02c988af8508b549c705-1-768x384.jpg 768w\" sizes=\"(max-width: 800px) 100vw, 800px\" \/><\/figure>\n\n\n\n<h5 class=\"wp-block-heading has-accent-color has-text-color has-link-color wp-elements-31578c12a6f99cfcccd805520d1c1743\"><strong>Le plateau de Gizeh-le mus\u00e9e du Caire-souk de khan El -khalili<\/strong><\/h5>\n\n\n\n<p><\/p>\n\n\n\n<p class=\"has-text-align-left\"><strong>D\u00e9jeuner \u00e0 l&rsquo;h\u00f4tel<\/strong><\/p>\n\n\n\n<p><strong>D\u00e9part t\u00f4t pour les visites historiques au suivantes<\/strong> : <\/p>\n\n\n\n<p class=\"has-small-font-size\">Le plateau de Gizeh: \u00absoldats, en haut de ces monuments quarante si\u00e8cles vous contemplent \u00bb Bonaparte.<\/p>\n\n\n\n<p class=\"has-small-font-size\">Le site qui renferme les trois c\u00e9l\u00e8bres pyramides de Kh\u00e9ops, Khephren et Mykerinos ainsi que le sphinx \u00abAbou El-h\u00f4ll\u00bb en \u00e9gyptien<\/p>\n\n\n\n<p class=\"has-small-font-size\"><strong>-Mus\u00e9e \u00e9gyptien:<\/strong><\/p>\n\n\n\n<figure class=\"wp-block-image size-large\"><img loading=\"lazy\" decoding=\"async\" width=\"768\" height=\"1024\" src=\"https:\/\/www.egypte-voyageoriginal.com\/wp-content\/uploads\/2024\/04\/IMG_8657-768x1024.jpg\" alt=\"\" class=\"wp-image-509\" srcset=\"https:\/\/www.egypte-voyageoriginal.com\/wp-content\/uploads\/2024\/04\/IMG_8657-768x1024.jpg 768w, https:\/\/www.egypte-voyageoriginal.com\/wp-content\/uploads\/2024\/04\/IMG_8657-225x300.jpg 225w, https:\/\/www.egypte-voyageoriginal.com\/wp-content\/uploads\/2024\/04\/IMG_8657-1152x1536.jpg 1152w, https:\/\/www.egypte-voyageoriginal.com\/wp-content\/uploads\/2024\/04\/IMG_8657-1200x1600.jpg 1200w, https:\/\/www.egypte-voyageoriginal.com\/wp-content\/uploads\/2024\/04\/IMG_8657.jpg 1500w\" sizes=\"(max-width: 768px) 100vw, 768px\" \/><\/figure>\n\n\n\n<p class=\"has-small-font-size\"> avec ces 160.000 pi\u00e8ces, il a re\u00e7u plus de cent millions de visiteurs au xx si\u00e8cle. Le mus\u00e9e situ\u00e9 au c\u0153ur du Caire moderne face au place Tahrir.surprise\ud83c\udf81 <strong>cadeau<\/strong> <\/p>\n\n\n\n<p><strong>-Le souk de khan el-Khalili<\/strong><\/p>\n\n\n\n<p><strong>D\u00e9jeuner<\/strong><\/p>\n\n\n\n<p><strong>Tarif :<\/strong>2 \u00e0 4 personnes, xxx\u20ac par personne<\/p>\n\n\n\n<p><strong>Cette offre comprend :<\/strong><\/p>\n\n\n\n<p><\/p>\n\n\n\n<p class=\"has-small-font-size\">1-tout transfert et d\u00e9placement pendant les visites en v\u00e9hicule<\/p>\n\n\n\n<p class=\"has-small-font-size\">priv\u00e9 juste pour vous.<\/p>\n\n\n\n<p class=\"has-small-font-size\">2-Les tickets d&rsquo;entr\u00e9e aux sites pr\u00e9vus.<\/p>\n\n\n\n<p class=\"has-small-font-size\">3-Guide \u00e9gyptologue francophone.<\/p>\n\n\n\n<p class=\"has-small-font-size\">4<strong>&#8211; <\/strong>d\u00e9jeuner<\/p>\n","protected":false},"excerpt":{"rendered":"<p>Le plateau de Gizeh-le mus\u00e9e du Caire-souk de khan El -khalili D\u00e9jeuner \u00e0 l&rsquo;h\u00f4tel D\u00e9part t\u00f4t pour les visites historiques au suivantes : Le plateau de Gizeh: \u00absoldats, en haut de ces monuments quarante si\u00e8cles vous contemplent \u00bb Bonaparte. Le site qui renferme les trois c\u00e9l\u00e8bres pyramides de Kh\u00e9ops, Khephren et Mykerinos ainsi que le [&hellip;]<\/p>\n","protected":false},"author":2,"featured_media":0,"parent":0,"menu_order":0,"comment_status":"closed","ping_status":"closed","template":"","meta":{"_sitemap_exclude":false,"_sitemap_priority":"","_sitemap_frequency":"","_joinchat":[],"footnotes":""},"class_list":["post-506","page","type-page","status-publish","hentry"],"aioseo_notices":[],"_links":{"self":[{"href":"https:\/\/www.egypte-voyageoriginal.com\/index.php\/wp-json\/wp\/v2\/pages\/506"}],"collection":[{"href":"https:\/\/www.egypte-voyageoriginal.com\/index.php\/wp-json\/wp\/v2\/pages"}],"about":[{"href":"https:\/\/www.egypte-voyageoriginal.com\/index.php\/wp-json\/wp\/v2\/types\/page"}],"author":[{"embeddable":true,"href":"https:\/\/www.egypte-voyageoriginal.com\/index.php\/wp-json\/wp\/v2\/users\/2"}],"replies":[{"embeddable":true,"href":"https:\/\/www.egypte-voyageoriginal.com\/index.php\/wp-json\/wp\/v2\/comments?post=506"}],"version-history":[{"count":19,"href":"https:\/\/www.egypte-voyageoriginal.com\/index.php\/wp-json\/wp\/v2\/pages\/506\/revisions"}],"predecessor-version":[{"id":806,"href":"https:\/\/www.egypte-voyageoriginal.com\/index.php\/wp-json\/wp\/v2\/pages\/506\/revisions\/806"}],"wp:attachment":[{"href":"https:\/\/www.egypte-voyageoriginal.com\/index.php\/wp-json\/wp\/v2\/media?parent=506"}],"curies":[{"name":"wp","href":"https:\/\/api.w.org\/{rel}","templated":true}]}}