{"id":136,"date":"2024-02-18T19:50:38","date_gmt":"2024-02-18T18:50:38","guid":{"rendered":"https:\/\/www.egypte-voyageoriginal.com\/?page_id=136"},"modified":"2024-03-08T09:32:50","modified_gmt":"2024-03-08T08:32:50","slug":"les-incontournables-de-legypte","status":"publish","type":"page","link":"https:\/\/www.egypte-voyageoriginal.com\/index.php\/les-incontournables-de-legypte\/","title":{"rendered":"Les incontournables de l&rsquo;Egypte"},"content":{"rendered":"\n<p>Visitez les sites embl\u00e9matiques de l&rsquo;Egypte des pharaons en tout petit groupe, en famille ou juste en couple. Le Caire et les pyramides de Giseh, le Sphinx et toutes les fabuleuses rencontres tout au long du Nil. D&rsquo;Alexandrie \u00e0 Assouan se sont plus de 4 000 ans d&rsquo;histoire que vous venez d\u00e9couvrir.<\/p>\n\n\n\n<figure class=\"wp-block-gallery has-nested-images columns-default is-cropped wp-block-gallery-1 is-layout-flex wp-block-gallery-is-layout-flex\">\n<figure class=\"wp-block-image size-large\"><img loading=\"lazy\" decoding=\"async\" width=\"1024\" height=\"768\" data-id=\"100\" src=\"https:\/\/www.egypte-voyageoriginal.com\/wp-content\/uploads\/2024\/02\/IMG_6068-2-1024x768.jpg\" alt=\"Pyramide Kh\u00e9phren Le Caire dromadaire magie des couleurs plateau de Giseh\" class=\"wp-image-100\" srcset=\"https:\/\/www.egypte-voyageoriginal.com\/wp-content\/uploads\/2024\/02\/IMG_6068-2-1024x768.jpg 1024w, https:\/\/www.egypte-voyageoriginal.com\/wp-content\/uploads\/2024\/02\/IMG_6068-2-300x225.jpg 300w, https:\/\/www.egypte-voyageoriginal.com\/wp-content\/uploads\/2024\/02\/IMG_6068-2-768x576.jpg 768w, https:\/\/www.egypte-voyageoriginal.com\/wp-content\/uploads\/2024\/02\/IMG_6068-2-1536x1152.jpg 1536w, https:\/\/www.egypte-voyageoriginal.com\/wp-content\/uploads\/2024\/02\/IMG_6068-2-2048x1536.jpg 2048w\" sizes=\"(max-width: 1024px) 100vw, 1024px\" \/><\/figure>\n\n\n\n<figure class=\"wp-block-image size-large\"><img loading=\"lazy\" decoding=\"async\" width=\"768\" height=\"1024\" data-id=\"101\" src=\"https:\/\/www.egypte-voyageoriginal.com\/wp-content\/uploads\/2024\/02\/IMG_6019-2-768x1024.jpeg\" alt=\"Pyramide rhombo\u00efdale - Dahchour Le Caire Visite extraordinaire\" class=\"wp-image-101\" srcset=\"https:\/\/www.egypte-voyageoriginal.com\/wp-content\/uploads\/2024\/02\/IMG_6019-2-768x1024.jpeg 768w, https:\/\/www.egypte-voyageoriginal.com\/wp-content\/uploads\/2024\/02\/IMG_6019-2-225x300.jpeg 225w, https:\/\/www.egypte-voyageoriginal.com\/wp-content\/uploads\/2024\/02\/IMG_6019-2.jpeg 960w\" sizes=\"(max-width: 768px) 100vw, 768px\" \/><\/figure>\n\n\n\n<figure class=\"wp-block-image size-large\"><img loading=\"lazy\" decoding=\"async\" width=\"1024\" height=\"768\" data-id=\"98\" src=\"https:\/\/www.egypte-voyageoriginal.com\/wp-content\/uploads\/2024\/02\/IMG_6080-2-1024x768.jpg\" alt=\"Pyramides Sphinx Le Caire Majestueux monument\" class=\"wp-image-98\" srcset=\"https:\/\/www.egypte-voyageoriginal.com\/wp-content\/uploads\/2024\/02\/IMG_6080-2-1024x768.jpg 1024w, https:\/\/www.egypte-voyageoriginal.com\/wp-content\/uploads\/2024\/02\/IMG_6080-2-300x225.jpg 300w, https:\/\/www.egypte-voyageoriginal.com\/wp-content\/uploads\/2024\/02\/IMG_6080-2-768x576.jpg 768w, https:\/\/www.egypte-voyageoriginal.com\/wp-content\/uploads\/2024\/02\/IMG_6080-2.jpg 1280w\" sizes=\"(max-width: 1024px) 100vw, 1024px\" \/><\/figure>\n\n\n\n<figure class=\"wp-block-image size-large\"><img loading=\"lazy\" decoding=\"async\" width=\"768\" height=\"1024\" data-id=\"78\" src=\"https:\/\/www.egypte-voyageoriginal.com\/wp-content\/uploads\/2024\/02\/Hatchetsou-2-768x1024.jpg\" alt=\"\" class=\"wp-image-78\" srcset=\"https:\/\/www.egypte-voyageoriginal.com\/wp-content\/uploads\/2024\/02\/Hatchetsou-2-768x1024.jpg 768w, https:\/\/www.egypte-voyageoriginal.com\/wp-content\/uploads\/2024\/02\/Hatchetsou-2-225x300.jpg 225w, https:\/\/www.egypte-voyageoriginal.com\/wp-content\/uploads\/2024\/02\/Hatchetsou-2-1152x1536.jpg 1152w, https:\/\/www.egypte-voyageoriginal.com\/wp-content\/uploads\/2024\/02\/Hatchetsou-2-1536x2048.jpg 1536w, https:\/\/www.egypte-voyageoriginal.com\/wp-content\/uploads\/2024\/02\/Hatchetsou-2-scaled.jpg 1920w\" sizes=\"(max-width: 768px) 100vw, 768px\" \/><\/figure>\n\n\n\n<figure class=\"wp-block-image size-large\"><img loading=\"lazy\" decoding=\"async\" width=\"1024\" height=\"768\" data-id=\"95\" src=\"https:\/\/www.egypte-voyageoriginal.com\/wp-content\/uploads\/2024\/02\/IMG_6288-2-1024x768.jpeg\" alt=\"Temple Louxor fa\u00e7ade colossale Ob\u00e9lisque\" class=\"wp-image-95\" srcset=\"https:\/\/www.egypte-voyageoriginal.com\/wp-content\/uploads\/2024\/02\/IMG_6288-2-1024x768.jpeg 1024w, https:\/\/www.egypte-voyageoriginal.com\/wp-content\/uploads\/2024\/02\/IMG_6288-2-300x225.jpeg 300w, https:\/\/www.egypte-voyageoriginal.com\/wp-content\/uploads\/2024\/02\/IMG_6288-2-768x576.jpeg 768w, https:\/\/www.egypte-voyageoriginal.com\/wp-content\/uploads\/2024\/02\/IMG_6288-2.jpeg 1280w\" sizes=\"(max-width: 1024px) 100vw, 1024px\" \/><\/figure>\n\n\n\n<figure class=\"wp-block-image size-large\"><img loading=\"lazy\" decoding=\"async\" width=\"768\" height=\"1024\" data-id=\"82\" src=\"https:\/\/www.egypte-voyageoriginal.com\/wp-content\/uploads\/2024\/02\/IMG_6262-2-768x1024.jpeg\" alt=\"Karnak visite temple colonnes ob\u00e9lisque\" class=\"wp-image-82\" srcset=\"https:\/\/www.egypte-voyageoriginal.com\/wp-content\/uploads\/2024\/02\/IMG_6262-2-768x1024.jpeg 768w, https:\/\/www.egypte-voyageoriginal.com\/wp-content\/uploads\/2024\/02\/IMG_6262-2-225x300.jpeg 225w, https:\/\/www.egypte-voyageoriginal.com\/wp-content\/uploads\/2024\/02\/IMG_6262-2-1152x1536.jpeg 1152w, https:\/\/www.egypte-voyageoriginal.com\/wp-content\/uploads\/2024\/02\/IMG_6262-2-1536x2048.jpeg 1536w, https:\/\/www.egypte-voyageoriginal.com\/wp-content\/uploads\/2024\/02\/IMG_6262-2-scaled.jpeg 1920w\" sizes=\"(max-width: 768px) 100vw, 768px\" \/><\/figure>\n\n\n\n<figure class=\"wp-block-image size-large\"><img loading=\"lazy\" decoding=\"async\" width=\"1024\" height=\"498\" data-id=\"106\" src=\"https:\/\/www.egypte-voyageoriginal.com\/wp-content\/uploads\/2024\/02\/20231225_112225-1024x498.jpg\" alt=\"Visite Temple Hatchepsout\" class=\"wp-image-106\" srcset=\"https:\/\/www.egypte-voyageoriginal.com\/wp-content\/uploads\/2024\/02\/20231225_112225-1024x498.jpg 1024w, https:\/\/www.egypte-voyageoriginal.com\/wp-content\/uploads\/2024\/02\/20231225_112225-300x146.jpg 300w, https:\/\/www.egypte-voyageoriginal.com\/wp-content\/uploads\/2024\/02\/20231225_112225-768x373.jpg 768w, https:\/\/www.egypte-voyageoriginal.com\/wp-content\/uploads\/2024\/02\/20231225_112225-1536x747.jpg 1536w, https:\/\/www.egypte-voyageoriginal.com\/wp-content\/uploads\/2024\/02\/20231225_112225-2048x995.jpg 2048w\" sizes=\"(max-width: 1024px) 100vw, 1024px\" \/><\/figure>\n\n\n\n<figure class=\"wp-block-image size-large\"><img loading=\"lazy\" decoding=\"async\" width=\"768\" height=\"1024\" data-id=\"125\" src=\"https:\/\/www.egypte-voyageoriginal.com\/wp-content\/uploads\/2024\/02\/IMG_6402-2-768x1024.jpeg\" alt=\"Tombeaux pharaons Vall\u00e9e des rois chambre fun\u00e9raire\" class=\"wp-image-125\" srcset=\"https:\/\/www.egypte-voyageoriginal.com\/wp-content\/uploads\/2024\/02\/IMG_6402-2-768x1024.jpeg 768w, https:\/\/www.egypte-voyageoriginal.com\/wp-content\/uploads\/2024\/02\/IMG_6402-2-225x300.jpeg 225w, https:\/\/www.egypte-voyageoriginal.com\/wp-content\/uploads\/2024\/02\/IMG_6402-2.jpeg 960w\" sizes=\"(max-width: 768px) 100vw, 768px\" \/><\/figure>\n<\/figure>\n\n\n\n<p>Voyage au coeur de l&rsquo;Egypte ancienne<\/p>\n\n\n\n<p>Pour les visites des sites majeurs, nous organisons les programmes pour que vous voyez les plus tranquilles pour profiter pleinement de toute l&rsquo;\u00e9motion qui se d\u00e9gage de ces lieux charg\u00e9s d&rsquo;histoire. <\/p>\n\n\n\n<figure class=\"wp-block-image size-large\"><img loading=\"lazy\" decoding=\"async\" width=\"1024\" height=\"404\" src=\"https:\/\/www.egypte-voyageoriginal.com\/wp-content\/uploads\/2024\/02\/IMG_6048-2-1024x404.jpg\" alt=\"Pyramides Keops Kh\u00e9phren Myk\u00e9rinos Plateau de Giseh\" class=\"wp-image-104\" srcset=\"https:\/\/www.egypte-voyageoriginal.com\/wp-content\/uploads\/2024\/02\/IMG_6048-2-1024x404.jpg 1024w, https:\/\/www.egypte-voyageoriginal.com\/wp-content\/uploads\/2024\/02\/IMG_6048-2-300x118.jpg 300w, https:\/\/www.egypte-voyageoriginal.com\/wp-content\/uploads\/2024\/02\/IMG_6048-2-768x303.jpg 768w, https:\/\/www.egypte-voyageoriginal.com\/wp-content\/uploads\/2024\/02\/IMG_6048-2-1536x606.jpg 1536w, https:\/\/www.egypte-voyageoriginal.com\/wp-content\/uploads\/2024\/02\/IMG_6048-2-2048x808.jpg 2048w\" sizes=\"(max-width: 1024px) 100vw, 1024px\" \/><\/figure>\n\n\n\n<div class=\"wp-block-columns is-layout-flex wp-container-core-columns-is-layout-1 wp-block-columns-is-layout-flex\">\n<div class=\"wp-block-column is-layout-flow wp-block-column-is-layout-flow\" style=\"flex-basis:33.33%\">\n<figure class=\"wp-block-image size-large\"><img loading=\"lazy\" decoding=\"async\" width=\"1024\" height=\"768\" src=\"https:\/\/www.egypte-voyageoriginal.com\/wp-content\/uploads\/2024\/02\/IMG_5986-2-1024x768.jpeg\" alt=\"Egypte Voyage original avec des explications sur les monuments de Saqqarah\" class=\"wp-image-133\" srcset=\"https:\/\/www.egypte-voyageoriginal.com\/wp-content\/uploads\/2024\/02\/IMG_5986-2-1024x768.jpeg 1024w, https:\/\/www.egypte-voyageoriginal.com\/wp-content\/uploads\/2024\/02\/IMG_5986-2-300x225.jpeg 300w, https:\/\/www.egypte-voyageoriginal.com\/wp-content\/uploads\/2024\/02\/IMG_5986-2-768x576.jpeg 768w, https:\/\/www.egypte-voyageoriginal.com\/wp-content\/uploads\/2024\/02\/IMG_5986-2.jpeg 1280w\" sizes=\"(max-width: 1024px) 100vw, 1024px\" \/><\/figure>\n<\/div>\n\n\n\n<div class=\"wp-block-column is-layout-flow wp-block-column-is-layout-flow\" style=\"flex-basis:66.66%\">\n<p>Pour mieux comprendre les subtilit\u00e9s de toutes les inscriptions sur les murs, nous vous d\u00e9cryptons et expliquons toutes les formidables histoires racont\u00e9es par ces b\u00e2tisseurs.<\/p>\n<\/div>\n<\/div>\n\n\n\n<figure class=\"wp-block-image size-full is-resized\"><img loading=\"lazy\" decoding=\"async\" width=\"320\" height=\"143\" src=\"https:\/\/www.egypte-voyageoriginal.com\/wp-content\/uploads\/2024\/02\/Ben_1er-petit-dej.png\" alt=\"Petit d\u00e9jeuner face aux pyramides - roof top de l'un des h\u00f4tels - Le Caire\" class=\"wp-image-179\" style=\"width:614px;height:auto\" srcset=\"https:\/\/www.egypte-voyageoriginal.com\/wp-content\/uploads\/2024\/02\/Ben_1er-petit-dej.png 320w, https:\/\/www.egypte-voyageoriginal.com\/wp-content\/uploads\/2024\/02\/Ben_1er-petit-dej-300x134.png 300w\" sizes=\"(max-width: 320px) 100vw, 320px\" \/><figcaption class=\"wp-element-caption\">Petit d\u00e9jeuner face aux pyramides &#8211; roof top hotel &#8211; Le Caire<\/figcaption><\/figure>\n\n\n\n<p>Nous sommes enchant\u00e9s de vous convier \u00e0 une exp\u00e9rience unique en \u00c9gypte, un voyage qui transcende le temps et l&rsquo;espace pour vous plonger au c\u0153ur de la grandeur pharaonique. Pour ceux d&rsquo;entre vous qui aspirent \u00e0 d\u00e9couvrir l&rsquo;\u00c9gypte d&rsquo;une mani\u00e8re diff\u00e9rente, nous avons s\u00e9lectionn\u00e9 des sites incontournables qui r\u00e9v\u00e9leront les myst\u00e8res enfouis dans le sable du d\u00e9sert depuis des mill\u00e9naires.<\/p>\n\n\n\n<p>Votre p\u00e9riple d\u00e9bute aux Pyramides de Gizeh, des monuments l\u00e9gendaires qui ont r\u00e9sist\u00e9 \u00e0 l&rsquo;\u00e9preuve du temps. Les pyramides de Kh\u00e9ops, Kh\u00e9phren et Myk\u00e9rinos se dressent majestueusement, t\u00e9moins silencieux de la puissance et de la grandeur des pharaons de l&rsquo;\u00c9gypte antique. \u00c0 leurs pieds, le Sphinx, gardien \u00e9nigmatique, semble contempler l&rsquo;histoire qui s&rsquo;est d\u00e9roul\u00e9e sous son regard vigilant. L&rsquo;aura mystique de cet ensemble architectural ne manquera pas de vous captiver, offrant un voyage dans le pass\u00e9 aussi saisissant qu&rsquo;inspirant.<\/p>\n\n\n\n<p>Poursuivez votre exploration au Mus\u00e9e \u00e9gyptien du Caire, v\u00e9ritable joyau culturel abritant une collection impressionnante d&rsquo;artefacts pharaoniques. Parmi les tr\u00e9sors, le l\u00e9gendaire tr\u00e9sor de Tout\u00e2nkhamon brille de mille feux, offrant un t\u00e9moignage \u00e9blouissant de la richesse et de la complexit\u00e9 de la civilisation \u00e9gyptienne antique. Laissez-vous emporter par le r\u00e9cit captivant que chaque objet raconte, un v\u00e9ritable voyage \u00e0 travers les \u00e2ges.<\/p>\n\n\n\n<p>En route vers le sud, votre p\u00e9riple vous conduira \u00e0 Louxor, ancienne cit\u00e9 \u00e9gyptienne impr\u00e9gn\u00e9e d&rsquo;une aura mystique. Explorez la Vall\u00e9e des Rois, o\u00f9 reposent en paix de nombreux pharaons, leurs tombes richement d\u00e9cor\u00e9es t\u00e9moignant de leur importance \u00e9ternelle. Le Temple de Karnak, immense complexe d\u00e9di\u00e9 aux dieux, est une prouesse architecturale impressionnante, avec ses colonnes imposantes et ses hi\u00e9roglyphes grav\u00e9s dans la pierre. Une immersion totale dans la spiritualit\u00e9 et la grandeur de l&rsquo;\u00c9gypte ancienne vous attend \u00e0 chaque coin de rue.<\/p>\n\n\n\n<p>En choisissant ces destinations, vous optez pour un voyage empreint d&rsquo;authenticit\u00e9, o\u00f9 chaque pierre, chaque sculpture et chaque hi\u00e9roglyphe vous raconteront une histoire fascinante. L&rsquo;\u00c9gypte vous ouvre ses portes pour une exp\u00e9rience qui marquera vos souvenirs de voyages d&rsquo;une empreinte ind\u00e9l\u00e9bile.<\/p>\n\n\n\n<h4 class=\"wp-block-heading\">Pr\u00e9parez-vous \u00e0 vivre une aventure hors du commun, entre pass\u00e9 et pr\u00e9sent, dans cette terre charg\u00e9e d&rsquo;histoire o\u00f9 chaque instant r\u00e9v\u00e8le un nouveau secret.<\/h4>\n\n\n\n<p><strong>1.\u00a0\u00a0\u00a0\u00a0\u00a0\u00a0\u00a0\u00a0\u00a0Les Pyramides de Gizeh<\/strong><\/p>\n\n\n\n<p>Les c\u00e9l\u00e8bres pyramides de Kh\u00e9ops, Kh\u00e9phren et Myk\u00e9rinos, situ\u00e9es \u00e0 Gizeh, pr\u00e8s du Caire, symboles embl\u00e9matiques de l&rsquo;\u00c9gypte ancienne, t\u00e9moignages de la grandeur des pharaons.<\/p>\n\n\n\n<p><strong>2.\u00a0\u00a0\u00a0\u00a0\u00a0\u00a0\u00a0\u00a0\u00a0Le Sphinx<\/strong><\/p>\n\n\n\n<p>La majestueuse statue du Sphinx, gardien l\u00e9gendaire des pyramides de Gizeh, mystique et \u00e9nigmatique, un incontournable pour les amateurs d&rsquo;histoire et de myst\u00e8re.<\/p>\n\n\n\n<p><strong>3.\u00a0\u00a0\u00a0\u00a0\u00a0\u00a0\u00a0\u00a0\u00a0Le Mus\u00e9e \u00e9gyptien du Caire<\/strong><\/p>\n\n\n\n<p>Abrite une vaste collection d&rsquo;artefacts pharaoniques, dont le tr\u00e9sor de Tout\u00e2nkhamon et offre une plong\u00e9e fascinante dans l&rsquo;histoire \u00e9gyptienne, riche en tr\u00e9sors et en myst\u00e8res.<\/p>\n\n\n\n<p><strong>4.\u00a0\u00a0\u00a0\u00a0\u00a0\u00a0\u00a0\u00a0\u00a0Louxor et la Vall\u00e9e des Rois<\/strong><\/p>\n\n\n\n<p>Louxor, ancienne cit\u00e9 \u00e9gyptienne, et la Vall\u00e9e des Rois, o\u00f9 reposent de nombreux pharaons, t\u00e9moins de l&rsquo;architecture et de l&rsquo;art pharaoniques, avec des tombes richement d\u00e9cor\u00e9es.<\/p>\n\n\n\n<p><strong>5\u00a0\u00a0\u00a0\u00a0\u00a0\u00a0\u00a0\u00a0\u00a0\u00a0Le Temple de Karnak<\/strong><\/p>\n\n\n\n<p>Immense complexe de temples \u00e0 Louxor, d\u00e9di\u00e9 aux dieux de l&rsquo;\u00c9gypte ancienne, architecture grandiose, statues imposantes et hi\u00e9roglyphes orn\u00e9s.<\/p>\n\n\n\n<p><strong>6.\u00a0\u00a0\u00a0\u00a0\u00a0\u00a0\u00a0\u00a0\u00a0La Citadelle de Saladin et la Mosqu\u00e9e Mohamed Ali<\/strong><\/p>\n\n\n\n<p>Dominant l&rsquo;horizon du Caire, la Citadelle de Saladin offre une exp\u00e9rience \u00e0 couper le souffle. Construite au XIXe si\u00e8cle par Muhammad Ali Pacha, elle propose une vue panoramique sur la ville, avec la Mosqu\u00e9e Mohamed Ali comme joyau architectural. L&rsquo;immensit\u00e9 du d\u00f4me et des minarets vous transportera dans l&rsquo;\u00e8re de l&rsquo;architecture islamique ottomane.<\/p>\n\n\n\n<p><strong>7.\u00a0\u00a0\u00a0\u00a0\u00a0\u00a0\u00a0\u00a0\u00a0Le Vieux Caire et la Cit\u00e9 des Morts<\/strong><\/p>\n\n\n\n<p>Explorez ensuite le Vieux Caire, un labyrinthe de ruelles pittoresques qui conserve l&rsquo;essence de l&rsquo;islam m\u00e9di\u00e9val. Chaque coin de rue raconte une histoire, vous immergeant dans la vie quotidienne \u00e9gyptienne. La Cit\u00e9 des Morts, vaste cimeti\u00e8re o\u00f9 les mausol\u00e9es racontent des r\u00e9cits silencieux, offre une perspective unique sur la relation entre la vie et la mort dans cette culture ancienne.<\/p>\n\n\n\n<p><strong>8.\u00a0\u00a0\u00a0\u00a0\u00a0\u00a0\u00a0\u00a0\u00a0Le Temple d&rsquo;Edfou (Horus) :<\/strong><\/p>\n\n\n\n<p>Ce temple d\u00e9di\u00e9 \u00e0 Horus, le faucon divin, est l&rsquo;un des mieux pr\u00e9serv\u00e9s d&rsquo;\u00c9gypte. Son architecture imposante et ses d\u00e9tails finement sculpt\u00e9s en font une merveille \u00e0 d\u00e9couvrir.<\/p>\n\n\n\n<p><strong>9.\u00a0\u00a0\u00a0\u00a0\u00a0\u00a0\u00a0\u00a0\u00a0Le Village Nubien de Gharb Soheil :<\/strong><\/p>\n\n\n\n<p>Loin des circuits touristiques classiques, ce village offre une immersion dans la culture nubienne. Rencontrez les habitants, explorez leurs maisons color\u00e9es et d\u00e9couvrez les traditions uniques de cette communaut\u00e9.<\/p>\n\n\n\n<p><strong>10.\u00a0\u00a0\u00a0\u00a0\u00a0\u00a0Le Temple de Sobek \u00e0 Kom Ombo :<\/strong><\/p>\n\n\n\n<p>Situ\u00e9 au bord du Nil, ce temple est d\u00e9di\u00e9 \u00e0 deux divinit\u00e9s, Sobek (le crocodile) et Horus (le faucon). Son emplacement panoramique et son histoire fascinante en font un arr\u00eat incontournable.<\/p>\n\n\n\n<p><strong>11.\u00a0\u00a0\u00a0\u00a0\u00a0\u00a0Les Carri\u00e8res de Granit d&rsquo;Assouan :<\/strong><\/p>\n\n\n\n<p>Explorez les carri\u00e8res de granit qui ont fourni les mat\u00e9riaux pour de nombreux monuments \u00e9gyptiens. Admirez l&rsquo;Ob\u00e9lisque inachev\u00e9, un gigantesque morceau de pierre qui offre un aper\u00e7u du processus de construction antique.<\/p>\n\n\n\n<p><strong>12.\u00a0\u00a0\u00a0\u00a0\u00a0\u00a0\u00a0\u00a0\u00a0La mer rouge &#8211; Dahab : <\/strong><\/p>\n\n\n\n<p>Une petite ville baln\u00e9aire offrant une atmosph\u00e8re d\u00e9contract\u00e9e, connue pour ses plages de sable fin, ses opportunit\u00e9s de plong\u00e9e en apn\u00e9e et son ambiance boh\u00e8me.<\/p>\n\n\n\n<p><strong>13.\u00a0\u00a0\u00a0\u00a0\u00a0\u00a0\u00a0\u00a0\u00a0La mer rouge &#8211; L&rsquo;\u00eele de Giftun : <\/strong><\/p>\n\n\n\n<p>Une \u00eele pr\u00e9serv\u00e9e au large de Hurghada, offrant des r\u00e9cifs coralliens pr\u00e9serv\u00e9s, des plages immacul\u00e9es et une riche vie marine.<\/p>\n\n\n\n<p><strong>14.\u00a0\u00a0\u00a0\u00a0\u00a0\u00a0La mer rouge &#8211; Hamata : <\/strong><\/p>\n\n\n\n<p>Une r\u00e9gion moins fr\u00e9quent\u00e9e, id\u00e9ale pour les amateurs de plong\u00e9e sous-marine \u00e0 la recherche de sites pr\u00e9serv\u00e9s et de la possibilit\u00e9 d&rsquo;observer des dauphins.<\/p>\n\n\n\n<p><strong>15.\u00a0\u00a0\u00a0\u00a0\u00a0\u00a0La mer rouge &#8211; Marsa Alam : <\/strong><\/p>\n\n\n\n<p>Une destination en pleine croissance, r\u00e9put\u00e9e pour ses plages isol\u00e9es, ses r\u00e9serves marines pr\u00e9serv\u00e9es et ses sites de plong\u00e9e uniques.<\/p>\n\n\n\n<p><strong>16.\u00a0\u00a0\u00a0\u00a0\u00a0\u00a0La mer rouge &#8211; Abu Gallum Protectorate : <\/strong><\/p>\n\n\n\n<p>Une r\u00e9serve naturelle pr\u00e9serv\u00e9e pr\u00e8s de Dahab, offrant des opportunit\u00e9s de plong\u00e9e, de randonn\u00e9e et une exp\u00e9rience authentique du mode de vie b\u00e9douin.<\/p>\n","protected":false},"excerpt":{"rendered":"<p>Visitez les sites embl\u00e9matiques de l&rsquo;Egypte des pharaons en tout petit groupe, en famille ou juste en couple. Le Caire et les pyramides de Giseh, le Sphinx et toutes les fabuleuses rencontres tout au long du Nil. D&rsquo;Alexandrie \u00e0 Assouan se sont plus de 4 000 ans d&rsquo;histoire que vous venez d\u00e9couvrir. Voyage au coeur [&hellip;]<\/p>\n","protected":false},"author":1,"featured_media":0,"parent":0,"menu_order":0,"comment_status":"closed","ping_status":"closed","template":"","meta":{"_sitemap_exclude":false,"_sitemap_priority":"","_sitemap_frequency":"","_joinchat":[],"footnotes":""},"class_list":["post-136","page","type-page","status-publish","hentry"],"aioseo_notices":[],"_links":{"self":[{"href":"https:\/\/www.egypte-voyageoriginal.com\/index.php\/wp-json\/wp\/v2\/pages\/136"}],"collection":[{"href":"https:\/\/www.egypte-voyageoriginal.com\/index.php\/wp-json\/wp\/v2\/pages"}],"about":[{"href":"https:\/\/www.egypte-voyageoriginal.com\/index.php\/wp-json\/wp\/v2\/types\/page"}],"author":[{"embeddable":true,"href":"https:\/\/www.egypte-voyageoriginal.com\/index.php\/wp-json\/wp\/v2\/users\/1"}],"replies":[{"embeddable":true,"href":"https:\/\/www.egypte-voyageoriginal.com\/index.php\/wp-json\/wp\/v2\/comments?post=136"}],"version-history":[{"count":7,"href":"https:\/\/www.egypte-voyageoriginal.com\/index.php\/wp-json\/wp\/v2\/pages\/136\/revisions"}],"predecessor-version":[{"id":462,"href":"https:\/\/www.egypte-voyageoriginal.com\/index.php\/wp-json\/wp\/v2\/pages\/136\/revisions\/462"}],"wp:attachment":[{"href":"https:\/\/www.egypte-voyageoriginal.com\/index.php\/wp-json\/wp\/v2\/media?parent=136"}],"curies":[{"name":"wp","href":"https:\/\/api.w.org\/{rel}","templated":true}]}}